of 94079?
7
What is the tens digit of 2397?
9
What is the hundreds digit of 443?
4
What is the thousands digit of 4643?
4
What is the tens digit of 786?
8
What is the hundreds digit of 615?
6
What is the tens digit of 1531?
3
What is the units digit of 71486?
6
What is the thousands digit of 2022?
2
What is the thousands digit of 72807?
2
What is the hundreds digit of 3422?
4
What is the units digit of 7006?
6
What is the tens digit of 163?
6
What is the hundreds digit of 1907?
9
What is the tens digit of 746?
4
What is the units digit of 1121?
1
What is the units digit of 7315?
5
What is the tens digit of 5745?
4
What is the units digit of 95449?
9
What is the units digit of 90122?
2
What is the tens digit of 150?
5
What is the tens digit of 740?
4
What is the hundreds digit of 3317?
3
What is the units digit of 3320?
0
What is the tens digit of 28?
2
What is the tens digit of 53?
5
What is the units digit of 1180?
0
What is the thousands digit of 25627?
5
What is the thousands digit of 11215?
1
What is the units digit of 751?
1
What is the hundreds digit of 11561?
5
What is the tens digit of 731?
3
What is the hundreds digit of 4513?
5
What is the units digit of 851?
1
What is the tens digit of 50283?
8
What is the tens digit of 89?
8
What is the units digit of 12202?
2
What is the hundreds digit of 2801?
8
What is the thousands digit of 2494?
2
What is the tens digit of 7342?
4
What is the tens digit of 2507?
0
What is the units digit of 2445?
5
What is the units digit of 498?
8
What is the tens digit of 2456?
5
What is the units digit of 4930?
0
What is the tens digit of 809?
0
What is the hundreds digit of 102231?
2
What is the tens digit of 4606?
0
What is the units digit of 6566?
6
What is the hundreds digit of 357?
3
What is the tens digit of 2501?
0
What is the thousands digit of 1003?
1
What is the tens digit of 40289?
8
What is the hundreds digit of 22492?
4
What is the hundreds digit of 5950?
9
What is the tens digit of 5805?
0
What is the hundreds digit of 666?
6
What is the tens digit of 3788?
8
What is the tens digit of 4246?
4
What is the units digit of 1944?
4
What is the hundreds digit of 968?
9
What is the units digit of 1291?
1
What is the ten thousands digit of 18639?
1
What is the hundreds digit of 19759?
7
What is the units digit of 7592?
2
What is the units digit of 745?
5
What is the hundreds digit of 6573?
5
What is the tens digit of 10606?
0
What is the units digit of 28642?
2
What is the tens digit of 4126?
2
What is the hundreds digit of 1047?
0
What is the units digit of 1676?
6
What is the tens digit of 3265?
6
What is the tens digit of 7480?
8
What is the thousands digit of 5621?
5
What is the hundreds digit of 2930?
9
What is the units digit of 484?
4
What is the tens digit of 16309?
0
What is the ten thousands digit of 36455?
3
What is the tens digit of 1641?
4
What is the tens digit of 2670?
7
What is the hundreds digit of 1122?
1
What is the tens digit of 1305?
0
What is the thousands digit of 3606?
3
What is the ten thousands digit of 81356?
8
What is the tens digit of 19105?
0
What is the ten thousands digit of 149002?
4
What is the thousands digit of 15694?
5
What is the hundreds digit of 967?
9
What is the hundreds digit of 13493?
4
What is the units digit of 1270?
0
What is the tens digit of 201165?
6
What is the units digit of 1666?
6
What is the hundreds digit of 1057?
0
What is the hundreds digit of 111469?
4
What is the hundreds digit of 93502?
5
What is the units digit of 11310?
0
What is the hundreds digit of 580?
5
What is the units digit of 19726?
6
What is the hundreds digit of 437?
4
What is the hundreds digit of 2120?
1
What is the thousands digit of 1527?
1
What is the hundreds digit of 429?
4
What is the tens digit of 27761?
6
What is the thousands digit of 7916?
7
What is the units digit of 707?
7
What is the tens digit of 80516?
1
What is the tens digit of 1690?
9
What is the thousands digit of 3084?
3
What is the thousands digit of 1746?
1
What is the hundreds digit of 608?
6
What is the thousands digit of 2725?
2
What is the ten thousands digit of 69401?
6
What is the hundreds digit of 22226?
2
What is the units digit of 917?
7
What is the hundreds digit of 1944?
9
What is the hundreds digit of 157?
1
What is the tens digit of 1302?
0
What is the tens digit of 443?
4
What is the tens digit of 76?
7
What is the units digit of 3979?
9
What is the tens digit of 4208?
0
What is the ten thousands digit of 95268?
9
What is the thousands digit of 3076?
3
What is the units digit of 5882?
2
What is the units digit of 134?
4
What is the tens digit of 1479?
7
What is the thousands digit of 1423?
1
What is the thousands digit of 1296?
1
What is the units digit of 29262?
2
What is the hundreds digit of 981?
9
What is the tens digit of 930?
3
What is the units digit of 4534?
4
What is the hundreds digit of 2450?
4
What is the units digit of 7169?
9
What is the thousands digit of 28101?
8
What is the units digit of 6329?
9
What is the units digit of 669?
9
What is the thousands digit of 43129?
3
What is the tens digit of 443?
4
What is the thousands digit of 9609?
9
What is the tens digit of 1194?
9
What is the units digit of 15384?
4
What is the tens digit of 626?
2
What is the hundreds digit of 6252?
2
What is the hundreds digit of 5465?
4
What is the ten thousands digit of 14990?
1
What is the ten thousands digit of 13410?
1
What is the hundreds digit of 5516?
5
What is the units digit of 6778?
8
What is the hundreds digit of 20534?
5
What is the thousands digit of 2089?
2
What is the tens digit of 6665?
6
What is the thousands digit of 51134?
1
What is the hundreds digit of 2415?
4
What is the units digit of 12320?
0
What is the units digit of 13?
3
What is the ten thousands digit of 93470?
9
What is the tens digit of 6223?
2
What is the units digit of 7819?
9
What is the hundreds digit of 1755?
7
What is the hundreds digit of 251?
2
What is the thousands digit of 14784?
4
What is the hundreds digit of 15899?
8
What is the hundreds digit of 1058?
0
What is the units digit of 86103?
3
What is the units digit of 3228?
8
What is the units digit of 5878?
8
What is the thousands digit of 2400?
2
What is the thousands digit of 36656?
6
What is the hundreds digit of 286?
2
What is the hundreds digit of 91277?
2
What is the units digit of 5572?
2
What is the tens digit of 29?
2
What is the thousands digit of 1662?
1
What is the units digit of 2001?
1
What is the tens digit of 1137?
3
What is the hundreds digit of 32245?
2
What is the units digit of 3352?
2
What is the units digit of 1084?
4
What is the hundreds digit of 1116?
1
What is the hundreds digit of 11949?
9
What is the units digit of 5362?
2
What is the ten thousands digit of 50083?
5
What is the hundreds digit of 539?
5
What is the units digit of 39453?
3
What is the thousands digit of 1885?
1
What is the units digit of 22808?
8
What is the hundreds digit of 3253?
2
What is the ten thousands digit of 13836?
1
What is the ten thousands digit of 37644?
3
What is the hundreds digit of 18664?
6
What is the hundreds digit of 1230?
2
What is the hundreds digit of 39686?
6
What is the hundreds digit of 12975?
9
What is the hundreds digit of 16066?
0
What is the thousands digit of 7919?
7
What is the tens digit of 1852?
5
What is the thousands digit of 1641?
1
What is the thousands digit of 1667?
1
What is the thousands digit of 2575?
2
What is the tens digit of 3686?
8
What is the thousands digit of 2642?
2
What is the tens digit of 464?
6
What is the units digit of 933?
3
What is the units digit of 101891?
1
What is the units digit of 11179?
9
What is the tens digit of 278?
7
What is the units digit of 15306?
6
What is the hundreds digit of 5929?
9
What is the tens digit of 34935?
3
What is the hundreds digit of 5416?
4
What is the tens digit of 22470?
7
What is the hundreds digit of 566?
5
What is the tens digit of 246?
4
What is the units digit of 1308?
8
What is the units digit of 1730?
0
What is the tens digit of 38390?
9
What is the units digit of 611?
1
What is the thousands digit of 1112?
1
What is the thousands digit of 23182?
3
What is the hundreds digit of 1130?
1
What is the units digit of 26830?
0
What is the units digit of 1981?
1
Wh